alculate n(d).
1
Let t = -2767/1128 + 129/47. Let s(i) be the third derivative of 7/60*i**5 + 1/6*i**3 + 0 + 0*i - 1/120*i**6 - t*i**4 - 9*i**2. What is s(6)?
-5
Let s(h) be the third derivative of -5*h**4/8 - 17*h**3/6 + 2834*h**2. Give s(-3).
28
Let v(i) = 9 + 7 + 3*i**2 - 17 + 2 - i**2. Suppose w + 0 = 2. Give v(w).
9
Let y(u) = 13*u + 160. Let w(s) = -11*s - 140. Let o(z) = 4*w(z) + 3*y(z). What is o(-15)?
-5
Let v(g) be the second derivative of -g**4/12 + 2*g**3 - 19*g**2/2 - 5*g - 13. Determine v(9).
8
Let d(o) be the third derivative of 1/24*o**4 + 0*o + 1/3*o**3 - 1/120*o**6 + 1/30*o**5 - 7*o**2 + 0. Suppose -p + 4*p = 6. Calculate d(p).
4
Let u(a) = 2159*a**2 + 2 - 4343*a**2 + 2152*a**2 + 190*a + 3. What is u(6)?
-7
Let s(y) be the second derivative of y**5/20 - 7*y**4/12 - y**3/3 + 35*y**2/2 + 4*y + 548. What is s(4)?
-21
Suppose h - a - 14 = a, 0 = h - 4*a - 18. Suppose 0 = 5*u - 0*u - h. Let i(s) = -s**3 - 1 + 359*s - s**3 - 357*s + 2*s**2. What is i(u)?
-5
Suppose 5 = 15*c - 55. Suppose g = -2*w + c*g - 7, 4*w = -2*g - 22. Let q(y) = 2*y - 6. Calculate q(w).
-16
Let n(d) = -5*d + 3. Let b = 21 - 7. Suppose 0 = -b*g + 10*g - 184. Let f = 48 + g. Calculate n(f).
-7
Let x(u) be the third derivative of -u**4/12 - 11*u**3/3 - 2*u**2. Let n = 40078 - 40091. Determine x(n).
4
Let u be (-15)/25 + 1 + (-18)/(-5). Suppose -28 - u = 8*h. Let l(n) = -2*n**2 - 4*n - 6. Give l(h).
-22
Let i(l) = l**3 + l**2 - 11*l + 9. Suppose c - 21*f + 18*f - 22 = 0, 5*c + f = 14. Determine i(c).
45
Let k(a) = 5*a - 4*a - 4 + 13 + 6 - 1. Determine k(11).
25
Let f be ((-25)/45)/((-6)/18)*-3. Let j(k) = k**2 + 10*k + 6. Give j(f).
-19
Let u be (-80)/(-24)*(-36)/30. Let i(k) = -k**3 - 4*k**2 - 2*k + 1. Determine i(u).
9
Let q(m) = -m**3 - 2*m**2 + 22*m - 10. Let g be q(0). Let h(y) = -7*y + 17. Determine h(g).
87
Let l(y) = -y - 3. Let b(x) = 12 + 4*x + 21 + 4 - 23. Let n(c) = 4*b(c) + 14*l(c). Calculate n(-9).
-4
Let i(t) = -t - 85. Let d(f) = -2*f - 137. Let s(m) = -3*d(m) + 5*i(m). Give s(18).
4
Let f be 60/50 + (-1)/5. Let b(a) = 5*a + 6. Let d(c) = -1311*c**2 - 1 + 1310*c**2 - 6*c + 5*c. Let w(y) = f*d(y) - b(y). Give w(-6).
-7
Let j(p) = 35*p - 121*p + 29*p + 34*p + 45*p + 75 + p**2. Determine j(-4).
3
Let c be (20/8)/(-5 + (-9)/(-2)). Let z be 2 - (c - (-6)/((-24)/(-100))). Let g(p) = -p - 11. Determine g(z).
7
Let a(n) = -n**3 + n**2 + n + 5. Let x(y) = 4*y**3 + 6*y**2 - 12*y - 2. Let k(c) = 3*a(c) + x(c). Let m(i) = -i + 8. Let h be m(18). What is k(h)?
3
Let u(n) = -235 + n + 228 + 0*n. Let b be u(7). Suppose -4*r + 2*r = -b*r. Let g(s) = -s**2 - s + 8. Determine g(r).
8
Suppose -2*r + 21 = r. Let i be ((-10)/2)/(((-455)/(-14))/(-13)). Let s(d) = 2*d. Let j(f) = -2*f + 2. Let t(w) = i*s(w) + j(w). What is t(r)?
16
Let c(d) be the third derivative of -d**5/20 + 7*d**4/12 - 4*d**3/3 + 690*d**2 - 2. Calculate c(5).
-13
Let o(h) = 4*h**3 - h**2 - h + 2. Let m(t) = -9*t**3 - 10*t**2 + 3*t + 14. Let i(v) = m(v) + 2*o(v). Give i(-12).
6
Let b(j) = 4*j - 2. Let l(k) = -581*k + 8 + 279*k + 293*k. Let f(t) = -7*b(t) - 3*l(t). Suppose g + 3*g = -28. Determine f(g).
-3
Let l(k) be the third derivative of k**4/12 - k**3/3 - 403*k**2. What is l(-8)?
-18
Suppose r = -3*a + 5, a - 6 = 5*r + 1. Let b(j) be the first derivative of 22*j - 5*j**2 - 39*j + 16*j - 7. Calculate b(a).
-21
Let l(d) = d**2 + 2*d - 7. Let t be 35/(1/4 - (-6)/8). Let h = -39 + t. Let u be -9*(-2 + 3) - h. Calculate l(u).
8
Let z = 30050 - 30067. Let b(w) = -w**2 - 19*w - 36. Give b(z).
-2
Let v(j) = -34*j**2 + 4*j**2 + j**3 + 6*j**2 + 4*j**2 + 11*j**2 + 10 + 6*j. Determine v(8).
-6
Let h(k) be the third derivative of -1/2*k**3 + 0*k**4 - 32*k**2 + 0*k + 1/60*k**5 + 1/120*k**6 + 0. Calculate h(0).
-3
Let w be (2/2)/(1/3). Suppose -w*f = -4*f. Let b(y) = -112 - y**3 + 48 + 54 + 3080*y - 3080*y. Calculate b(f).
-10
Suppose -5*i - 12 = -y - 4, 0 = 2*y - 2*i. Let v be y/4 - 18/(-12). Let j(t) be the third derivative of -t**4/3 - 13*t**2. Calculate j(v).
-8
Let j(v) = 18 - 3*v + 15 - 14 - v**2. Let t be j(-5). Suppose -23 = -t*o + 13. Let k(c) = -2*c + 5. Determine k(o).
-3
Let n(g) = g**2 - 2*g - 5. Suppose 0 = -6*b - 92 - 58. Let d(i) = i**2 + 31*i + 157. Let u be d(b). Determine n(u).
30
Let t(x) be the second derivative of x**5/60 - 5*x**4/12 - 21*x**2 + x + 32. Let m(b) be the first derivative of t(b). Give m(10).
0
Let x(t) = t**2 - 27*t + 14*t + 7 + 5*t. Let n be x(7). Let w(d) be the first derivative of d**4/4 - 2*d - 8. Determine w(n).
-2
Suppose -76*i + 20 = -81*i. Let g(n) = -2*n**2 - 3382*n - 7*n**3 + 6*n**3 - 3 + 3386*n. Determine g(i).
13
Let w = 53 + -54. Let z be -19 + 20 + w + (-2 - 9). Let x(g) = g**2 + 11*g - 4. What is x(z)?
-4
Let f(j) be the first derivative of -j**3 + j**2/2 + 110*j + 1025. Determine f(0).
110
Let k(r) be the second derivative of 7*r**3/6 + r**2/2 + 116*r. Let v(d) = 1. Let x(n) = -k(n) + 2*v(n). What is x(1)?
-6
Let f(z) = 3*z + 1. Let y(q) = 17 + 19 + 2*q - 32 + q. Suppose -3*s + 16 = -t, -3*s = 2*t - 6 - 7. Let p be y(t). What is f(p)?
4
Let c(r) = -2*r - 2. Let t(p) be the third derivative of 0 + 0*p - 1/12*p**4 + p**2 + 2/3*p**3. Let f be t(5). What is c(f)?
10
Suppose 52 = -317*f + 304*f. Let a(b) = -8*b**2 - 26*b + 2. Determine a(f).
-22
Let k be (-1)/((-7)/(-21)*1). Let b be (2/(-6)*1)/(2/(-12)). Let m(o) = 0*o**2 - o**3 + 3*o**b - 1 + 7*o**3 - 5*o**3. What is m(k)?
-1
Let r be (55/10 - 5)*-26. Let u(o) = -7*o - 93. Let l be u(r). Let h(j) = -6*j + 2. Determine h(l).
14
Let x be 12*(2/(-4))/(15 - 14). Let a(c) be the third derivative of -c**4/24 - c**3/2 - 233*c**2. Determine a(x).
3
Suppose 4*d - 32 = -a, 2*a - 8 = -d + 7. Let y(j) = 9*j + 32. Let m(k) = 5*k + 16. Let p(i) = 11*m(i) - 6*y(i). Determine p(d).
-9
Let l(c) = 6 + 1 + c - 1 - 3*c + c. Let s = 26 + -23. What is l(s)?
3
Let n(d) = d**3 - 23*d**2 - 24*d + 4. Let v be n(24). Let x(a) = -8 + 0 - 11840*a**2 + 11841*a**2 - v*a. Give x(5).
-3
Let m(j) = j**3 + 19*j**2 + 14*j + 14. Let z(a) = -2*a**3 - 23*a**2 - 15*a - 13. Let k(p) = 3*m(p) + 2*z(p). Calculate k(12).
16
Let x(z) = -4 + 0 + 2*z - z. Let j be x(-5). Let p(s) = -9 - 4 - 4 + 2 - s + 3. What is p(j)?
-3
Suppose m + 4 = -3 + 2. Let h(a) = a**2 + 5*a + 19. Give h(m).
19
Let c(d) be the third derivative of -d**4/6 - 7*d**3/3 + 21*d**2 - 18*d. What is c(-3)?
-2
Let t(w) = -22*w**3 - 23*w**2 + 33*w + 24. Let n(d) = -13*d**3 - 11*d**2 + 17*d + 12. Let s(a) = -5*n(a) + 3*t(a). What is s(-15)?
27
Let t(c) be the second derivative of 1/12*c**4 - c**3 + 0*c**2 - 16 + 2*c. Determine t(7).
7
Let t(x) = -49*x - 22. Let k(j) = -63*j - 25. Let g(h) = -5*k(h) + 6*t(h). Calculate g(1).
14
Let x(i) = -13*i - 8. Suppose 74*w + 27 = 65*w. What is x(w)?
31
Let o(r) be the third derivative of -r**4/8 + r**3/3 + 6*r**2 - 7. Let m(p) = -p**3 + 5*p**2 - 5*p - 1. Let y = 17 - 14. Let q be m(y). What is o(q)?
-4
Let p(w) = 466*w + 468*w - 936*w - 4 - 3. Determine p(-3).
-1
Let d = -27 - -28. Let w be d/(3 + -4) - -9. Let q be 2*(-1 - (-4)/w - 0). Let r(f) = -13*f**3 - f**2 + 1. What is r(q)?
13
Suppose 343 - 262 = -9*a. Let c(j) = -4*j**3 - 7*j**2 - 10*j + 11. Let d(v) = -7*v**3 - 15*v**2 - 19*v + 22. Let w(h) = -5*c(h) + 3*d(h). Determine w(a).
-7
Let u(c) = -15*c + 114. Let t be u(7). Suppose 9 = -2*o - j + 2, -j = -2*o - t. Let y(a) = -a**2 - 4*a - 4. Calculate y(o).
-4
Let y be (-6)/(-7)*91/52*2. Let i(v) = -4*v - y + 6*v**2 + 3 + 3*v - 1. Suppose 2*o - 4*g + 10 = 0, -4*o + 2*g = 4*g. What is i(o)?
6
Let f(z) be the third derivative of -z**6/30 - z**5/30 - 5*z**4/24 - 2*z**3/3 - 77*z**2 - 2*z + 4. Determine f(-1).
3
Let m(o) = -o**3 - 43*o**2 - 351*o + 21. Let d be m(-11). Let c(u) be the third derivative of 0*u + d*u**2 + 0 + 1/3*u**3 + 11/24*u**4. What is c(-2)?
-20
Let t(v) be the first derivative of -v**3/3 + 3*v**2 + 13*v + 1824. Calculate t(8).
-3
Let x = 111 - 66. Let g = x + -43. Let w be (45 + -39)/((8/g)/(-2)). Let p(b) = b + 1. Determine p(w).
-2
Let f(d) be the second derivative of d**5/20 + 7*d**4/6 - 17*d**3/6 - 21*d**2/2 + 32*d. Suppose 0 = 4*h - 2*t + 58, -2*h + 2*t - 25 = -3*t. Determine f(h).
9
Let y = 5 + -5. Let i(p) = 25*p - 21. Let x(v) = -4*v + 4. Let k(b) = -i(b) - 6*x(b). Calculate k(y).
-3
Let s(p) = 16*p**2 - p - 5. Let v = 8229 +